?
0
What is the millions digit of 2105617?
2
What is the ten thousands digit of 18444?
1
What is the ten thousands digit of 63441?
6
What is the ten thousands digit of 1218889?
1
What is the hundred thousands digit of 228397?
2
What is the tens digit of 927259?
5
What is the hundred thousands digit of 9010951?
0
What is the hundred thousands digit of 415401?
4
What is the tens digit of 2902066?
6
What is the tens digit of 878185?
8
What is the hundreds digit of 83493?
4
What is the thousands digit of 233983?
3
What is the ten thousands digit of 9379468?
7
What is the units digit of 1986799?
9
What is the hundred thousands digit of 741645?
7
What is the hundred thousands digit of 1690582?
6
What is the hundreds digit of 232593?
5
What is the hundred thousands digit of 207281?
2
What is the thousands digit of 312679?
2
What is the tens digit of 3588684?
8
What is the ten millions digit of 10040933?
1
What is the hundreds digit of 12676?
6
What is the ten thousands digit of 42279131?
7
What is the units digit of 182417?
7
What is the thousands digit of 211289?
1
What is the units digit of 707057?
7
What is the units digit of 9246869?
9
What is the tens digit of 911649?
4
What is the ten thousands digit of 9810385?
1
What is the ten thousands digit of 6067443?
6
What is the thousands digit of 3751354?
1
What is the hundred thousands digit of 3024944?
0
What is the hundreds digit of 2406766?
7
What is the millions digit of 18491882?
8
What is the ten thousands digit of 3224165?
2
What is the ten thousands digit of 3210506?
1
What is the millions digit of 30359800?
0
What is the hundred thousands digit of 302415?
3
What is the hundred thousands digit of 2189295?
1
What is the thousands digit of 18705113?
5
What is the tens digit of 33514401?
0
What is the hundreds digit of 1496009?
0
What is the ten thousands digit of 587421?
8
What is the units digit of 4089676?
6
What is the hundred thousands digit of 195687?
1
What is the ten thousands digit of 83026?
8
What is the hundred thousands digit of 3785435?
7
What is the units digit of 1407626?
6
What is the hundred thousands digit of 271248?
2
What is the hundred thousands digit of 867674?
8
What is the units digit of 2217885?
5
What is the ten thousands digit of 1937096?
3
What is the thousands digit of 7033337?
3
What is the tens digit of 4553377?
7
What is the hundreds digit of 7120824?
8
What is the hundred thousands digit of 8632122?
6
What is the tens digit of 1064474?
7
What is the hundred thousands digit of 3013726?
0
What is the millions digit of 8071285?
8
What is the hundreds digit of 261462?
4
What is the thousands digit of 448053?
8
What is the thousands digit of 53904?
3
What is the units digit of 355004?
4
What is the hundreds digit of 1670157?
1
What is the units digit of 43668?
8
What is the hundreds digit of 835403?
4
What is the hundred thousands digit of 354458?
3
What is the millions digit of 1220885?
1
What is the thousands digit of 315705?
5
What is the millions digit of 2703915?
2
What is the units digit of 1650320?
0
What is the hundreds digit of 2898077?
0
What is the ten thousands digit of 322109?
2
What is the ten thousands digit of 132124?
3
What is the thousands digit of 167778?
7
What is the thousands digit of 966132?
6
What is the ten thousands digit of 671332?
7
What is the thousands digit of 1055555?
5
What is the hundreds digit of 463563?
5
What is the hundreds digit of 10305388?
3
What is the hundred thousands digit of 17320539?
3
What is the ten thousands digit of 86468?
8
What is the units digit of 4682623?
3
What is the hundreds digit of 6047441?
4
What is the ten thousands digit of 1311864?
1
What is the hundreds digit of 7104924?
9
What is the hundred thousands digit of 21833053?
8
What is the millions digit of 2124212?
2
What is the hundred thousands digit of 238628?
2
What is the millions digit of 1981708?
1
What is the ten thousands digit of 641308?
4
What is the hundred thousands digit of 181269?
1
What is the thousands digit of 2303335?
3
What is the units digit of 19777345?
5
What is the units digit of 3648681?
1
What is the millions digit of 1869122?
1
What is the millions digit of 2699806?
2
What is the hundreds digit of 2639166?
1
What is the tens digit of 274369?
6
What is the units digit of 16086?
6
What is the hundred thousands digit of 171438?
1
What is the hundred thousands digit of 460522?
4
What is the thousands digit of 27237352?
7
What is the tens digit of 8080017?
1
What is the tens digit of 198273?
7
What is the units digit of 978134?
4
What is the hundred thousands digit of 3149829?
1
What is the units digit of 162575?
5
What is the units digit of 34658?
8
What is the tens digit of 400381?
8
What is the units digit of 263254?
4
What is the tens digit of 461079?
7
What is the hundreds digit of 30896358?
3
What is the hundreds digit of 835219?
2
What is the hundred thousands digit of 3503370?
5
What is the thousands digit of 269433?
9
What is the units digit of 5626226?
6
What is the hundred thousands digit of 18168768?
1
What is the hundred thousands digit of 8098785?
0
What is the units digit of 6129?
9
What is the tens digit of 1549548?
4
What is the units digit of 26661?
1
What is the ten thousands digit of 4327085?
2
What is the hundreds digit of 413418?
4
What is the ten thousands digit of 494465?
9
What is the units digit of 272706?
6
What is the hundreds digit of 312744?
7
What is the hundreds digit of 4783257?
2
What is the thousands digit of 51737?
1
What is the ten thousands digit of 21770?
2
What is the thousands digit of 146788?
6
What is the hundred thousands digit of 152495?
1
What is the millions digit of 17281757?
7
What is the millions digit of 14736233?
4
What is the units digit of 215450?
0
What is the hundred thousands digit of 1258762?
2
What is the thousands digit of 2695823?
5
What is the thousands digit of 19879779?
9
What is the tens digit of 5536019?
1
What is the units digit of 13802?
2
What is the units digit of 277666?
6
What is the units digit of 23988409?
9
What is the tens digit of 3936002?
0
What is the hundred thousands digit of 14278813?
2
What is the millions digit of 4244260?
4
What is the ten thousands digit of 16836?
1
What is the tens digit of 110704?
0
What is the hundred thousands digit of 4862400?
8
What is the hundreds digit of 446871?
8
What is the units digit of 236325?
5
What is the ten thousands digit of 9171331?
7
What is the tens digit of 5538443?
4
What is the ten millions digit of 11836917?
1
What is the hundreds digit of 1241844?
8
What is the hundred thousands digit of 33412052?
4
What is the tens digit of 1912520?
2
What is the hundred thousands digit of 268784?
2
What is the hundred thousands digit of 281398?
2
What is the hundred thousands digit of 20725923?
7
What is the millions digit of 5524798?
5
What is the units digit of 258208?
8
What is the tens digit of 11842466?
6
What is the ten thousands digit of 98132?
9
What is the ten thousands digit of 279380?
7
What is the ten thousands digit of 199988?
9
What is the units digit of 70240?
0
What is the units digit of 175607?
7
What is the thousands digit of 276906?
6
What is the tens digit of 365346?
4
What is the tens digit of 238017?
1
What is the thousands digit of 14395586?
5
What is the hundred thousands digit of 6155729?
1
What is the thousands digit of 20786?
0
What is the millions digit of 14372845?
4
What is the hundred thousands digit of 274693?
2
What is the tens digit of 10105408?
0
What is the hundred thousands digit of 1877007?
8
What is the thousands digit of 555699?
5
What is the thousands digit of 3190209?
0
What is the ten thousands digit of 4292654?
9
What is the ten thousands digit of 1125314?
2
What is the hundred thousands digit of 527158?
5
What is the thousands digit of 1958511?
8
What is the tens digit of 94831?
3
What is the hundreds digit of 1751526?
5
What is the thousands digit of 7617543?
7
What is the units digit of 11077032?
2
What is the hundreds digit of 12250255?
2
What is the units digit of 29706?
6
What is the tens digit of 7419125?
2
What is the hundreds digit of 4862554?
5
What is the thousands digit of 7941298?
1
What is the thousands digit of 811097?
1
What is the units digit of 2650774?
4
W